2 - 7*d. Calculate j(s).
0
Let d(q) = -q**3 + 7*q**2 - 6*q. Let y(u) = 4*u**2 - 4*u + 3. Let h be y(2). Suppose -5*v + 41 = h. Give d(v).
0
Let p(d) = -11*d - 7. Let t(a) = 5*a + 3. Let f(n) = 2*p(n) + 5*t(n). Let x = -2 - -2. Suppose 5*i + 3*s = 2, x = -i + 3*i + s. Determine f(i).
-5
Let c(z) be the first derivative of z**4/4 - z**3 - 2*z**2 + 5*z - 7. Determine c(4).
5
Let z(x) = 2*x - 4 - 4*x + 3 - 10*x**2. Let q be (10 + 2)/(5 - 3). Suppose -2*o = q, 7 + 3 = 2*n - 4*o. Give z(n).
-9
Let o(z) = z**2 - 3*z - 2. Let g = -6 - -10. Give o(g).
2
Suppose 6 = -4*g + g. Let q be ((-50)/(-4))/5*g. Let h(s) = -s**3 - 4*s**2 + 5*s + 1. What is h(q)?
1
Let d(p) be the third derivative of -p**6/120 - p**5/60 + p**4/24 + 11*p**3/6 + p**2 - 29. Give d(0).
11
Suppose -5*n = -8 - 2. Let m(v) = -n - 3*v - 4*v**2 + 5*v**2 - v**2 + 2*v**2. Suppose -3*k - 1 = 5*f, 0*f + 8 = 2*k - f. Give m(k).
7
Let h(d) = d - 2. Suppose 3*c = 5*c. Suppose 2*x = -c*x - 4. What is h(x)?
-4
Let d(z) be the third derivative of 7*z**6/120 + 15*z**2. Determine d(1).
7
Suppose 8 + 12 = -5*l. Let p(g) = -3*g - 9. Let a(u) = 10*u + 28. Let t(m) = -2*a(m) - 7*p(m). Determine t(l).
3
Let u(i) = 2*i - 3. Let k(j) = -j + 4. Let l(h) = 3*k(h) + 2*u(h). Determine l(-6).
0
Let w(s) = -4*s**2 - 3*s - 2. Suppose 5*f + 3*j = -19, 5*f + 4*j + 32 = 10. Calculate w(f).
-12
Let h(s) = 2*s + 2. Let u = 5 - 7. Let t be (u - 1 - -1)/(-1). Calculate h(t).
6
Let y(b) = -b**2 + 4*b - 8. Let p(v) = -3*v**2 + 9*v - 17. Let j(u) = -2*p(u) + 5*y(u). Calculate j(-5).
9
Let c(n) be the first derivative of n**3 - n + 1 - 3*n**2 + 1/4*n**4. Let k be (3 - 0)/(9/(-12)). Calculate c(k).
7
Let a(r) be the second derivative of -r**3/6 + r**2/2 - 18*r. Give a(-5).
6
Let q be 75/(-10)*4/6. Let h be (-16)/40 + (-7)/q. Let s(g) = 4*g**3 + 1. Give s(h).
5
Let l be (3/(-6))/((15/6)/(-5)). Let r(f) = 2*f**2 + f - 1. Determine r(l).
2
Let g(a) be the third derivative of -a**5/120 + a**4/12 - a**3 - 4*a**2. Let c(p) be the first derivative of g(p). Calculate c(-6).
8
Suppose l + 0*l + 5 = 0. Let z(t) = -2*t**2 + 10*t. Let q(o) = -3*o**2 + 15*o. Let v(a) = l*q(a) + 8*z(a). Calculate v(4).
4
Let m(f) = f**3 + 8*f**2 - 9*f - 9. Suppose 0 = 3*i + 5*a + 12, 0 = 3*a - 3 - 6. Give m(i).
-9
Let h(d) = 5*d**2 - 6*d + 7. Let w(o) = 11*o**2 - 13*o + 15. Let b(l) = 9*h(l) - 4*w(l). Give b(3).
6
Let k(t) = 0 + 2 - 1 + t. Let f(n) = -6*n - 6. Let b(m) = -4*f(m) - 22*k(m). Suppose -2*s = 2*s - 3*g + 19, -4*g - 12 = 4*s. Determine b(s).
-6
Let a be (1 + 0)*(-8)/(-2). Let c(t) = 2*t**2 + 2*t + 1. Let r = 2 - 5. Let y(b) = 2*b**2 + b. Let z(o) = a*c(o) + r*y(o). What is z(-3)?
7
Let i(f) = f**3 + f**2 - f + 14. Let m(l) = -3*l**2 + 22*l - 7. Let h be m(7). Calculate i(h).
14
Let s(m) = 7*m**3 - m**2 - 6*m + 11. Let i(t) = -13*t**3 + t**2 + 11*t - 21. Let n(q) = 6*i(q) + 11*s(q). Determine n(-5).
-5
Let a be (6/4)/((-6)/(-8)). Let t(h) = -4*h - 6 + 10*h**3 - 9*h**3 + 6*h**a + 4*h - 2*h. Determine t(-6).
6
Suppose q = 4*m - 19, m + 2 = 3*m - 2*q. Let r(i) = -i + 11. Let u be r(m). Let c(v) be the first derivative of v**2/2 + v + 1. What is c(u)?
6
Let l(o) = o**3 - 5*o**2 + 3*o. Suppose 2 = -3*p + 11. Determine l(p).
-9
Let f(n) = -n**2 - 5*n. Let c(x) = -5*x**2 + 15*x + 11. Let p(q) = 3*q**2 - 10*q - 7. Let o(h) = 5*c(h) + 8*p(h). Let g(v) = 3*f(v) - 4*o(v). What is g(-4)?
0
Let m be 1 - (0/(-2) - 1). Let y = 13 - 11. Let p(t) = 6 - 2*t**y - 5*t + 4*t**3 - 3*t**3 - m*t**2. What is p(5)?
6
Suppose -3*i + x + 6 = 2*x, 2 = i + 2*x. Let n(l) be the second derivative of -1/20*l**5 + 1/12*l**4 - l**2 - 3*l + 0 + 1/3*l**3. What is n(i)?
-2
Let y = 22 + 2. Let c be 1/2 - 2/(-4). Suppose 5*o = y + c. Let i(h) = h. Calculate i(o).
5
Let c(h) = -h + 7. Suppose 4*o + 28 = f + 2*o, -5*o = -4*f + 97. Let i be 6/f*(0 + 0). Give c(i).
7
Let c(o) be the first derivative of -3*o**2/2 - 2*o - 16. Calculate c(-2).
4
Let v(w) = -6 - w + 0*w + 0*w. Suppose d - 6 = -d, 2*j - d = -15. What is v(j)?
0
Let t = 32 - 36. Let y(x) = -7*x**3 + 2*x**2 - 5*x + 4. Let c(j) = j**3 - j**2 + j. Let r(f) = -6*c(f) - y(f). Give r(t).
0
Let c(r) = -4*r + 1. Let u(m) = -3*m + 1. Let n(d) = -5*c(d) + 7*u(d). Determine n(3).
-1
Let p(y) = -2*y + 3. Let x be p(-5). Let t = 18 - x. Let v(z) = -7*z - 1. Let f(d) = 3*d. Let b(q) = 5*f(q) + 2*v(q). Determine b(t).
3
Let t(x) = -3*x**3 - 22*x**2 - 11*x - 25. Let a(k) = 2*k**3 + 15*k**2 + 7*k + 17. Let u(z) = -7*a(z) - 5*t(z). What is u(-4)?
-2
Let t(a) = a - 5. Let m(s) = s - 6. Let o(g) = -3*m(g) + 4*t(g). Let b = -52 - -79. Suppose 3*z = 4*r - 8, -3*z + b = 2*r + r. Give o(r).
3
Let z be (1 - -2) + (-4)/2. Let p(k) = -5*k - 1 + 2*k + k - z. Calculate p(6).
-14
Let k = -6 - -10. Let x(f) be the third derivative of f**4/12 - 5*f**3/6 - f**2. Determine x(k).
3
Let i(z) = -6 + 2*z + 3*z**2 + z**3 - 2 + 6. Calculate i(-2).
-2
Let n = -2 - -2. Let y(z) = n*z - 4*z - 2*z**2 + 3*z. Let p(j) = -2*j**3 + 31*j**2 + 15*j + 14. Let v be p(16). Determine y(v).
-6
Let t(o) = o**2 + 6*o - 1. Let f = 118 + -124. What is t(f)?
-1
Let p(j) = 7*j**2 - 363*j + 369*j + j**3 - j**2 + 4. Give p(-5).
-1
Let o(a) be the second derivative of -a**3/6 + 9*a**2 - 20*a. What is o(8)?
10
Let s(x) = 4*x - 21. Let f be 1*-2 - -9*1. Let p(n) = -3*n + 14. Let z(r) = f*p(r) + 5*s(r). Suppose -3*u - 4*l = -4, -3*u + 4 = -6*u - 2*l. Give z(u).
-3
Let d(v) = v**3 + 8*v**2 + 7*v - 7. Let m be (-5)/(85/2) + 117/(-17). Calculate d(m).
-7
Let c(j) = 2*j**3 - 2*j**2 + j**3 + j**2. Determine c(2).
20
Let i be ((-6)/(-4))/((-24)/32). Let v(o) = o**3 + o**2 - 2*o + 1. Determine v(i).
1
Suppose 3*o = 5*b - 18, -8 = 5*o - 3. Let x(n) = -3*n**2 - n**3 + 4*n - n**2 - 5*n - 1 + 7*n**2. Determine x(b).
-4
Let p(k) = 5*k**3 - 12*k**2 - 2*k - 3. Let h(a) = -4*a**3 + 11*a**2 + 3*a + 3. Let v(r) = 6*h(r) + 5*p(r). Give v(-5).
-12
Let x be (-40)/180 - 29*(-2)/18. Let g(b) = -b**2 + 3*b. Give g(x).
0
Let q(v) = v - 6. Suppose 10*p + 2*r = 5*p + 12, 4*p - 2*r = 24. Calculate q(p).
-2
Let t(o) be the third derivative of o**5/60 + 2*o**3 - 6*o**2. Give t(0).
12
Let f(u) = -8*u**2 + 5 - u**3 + 13*u**2 - u**2 + 6*u - u. Suppose -2*v - 8 - 2 = 0. Let b(p) = -p. Let k be b(v). Determine f(k).
5
Let m(x) = 5*x**2 + 6*x + 11. Let t(w) = w**2 + w + 2. Let q(k) = -4*m(k) + 22*t(k). Let d be (((-7)/1)/(-1))/1. Let h be 10/6 + d/21. Give q(h).
4
Let g(l) = l - 11. Let u(x) = -x**3 - 8*x**2 - 10*x - 9. Let h be u(-7). Let s be (-2)/(-6) + 104/h. Let k be g(s). Let y(d) = d - 2. Determine y(k).
-4
Suppose -3*d + 7 + 2 = 0. Let f(n) = 2*n**2 - 3*n + 2. What is f(d)?
11
Let z(y) = -y**3 - 3*y**2 - 6*y + 8. Let m(d) = d**3 + 2*d**2 + 5*d - 7. Let l(s) = 6*m(s) + 5*z(s). Let k be ((4/(-10) - 0)*-5)/1. Give l(k).
-6
Let i(l) = -11*l**2 + 5*l + 5. Let a(n) = 54*n**2 - 24*n - 24. Let d(c) = 5*a(c) + 24*i(c). Suppose -15 = -8*t - 7. What is d(t)?
6
Let v(h) be the third derivative of -1/6*h**3 - 2*h**2 + 1/8*h**4 + 0*h + 1/60*h**5 + 0. Determine v(-4).
3
Let a(s) = -2*s - 1. Let x(y) = 5*y + 2. Let h(c) = -8*a(c) - 3*x(c). Let w be h(3). Let d(i) = i**2 - 6*i - 1. Give d(w).
-6
Let r = -19 + 21. Let p(t) = 2*t - 2. What is p(r)?
2
Let t(m) = 3 - 9*m + 2*m - m**2 - 7. Let y = 13 - 8. Let i be (y/(-4))/(4/16). Calculate t(i).
6
Let o(c) = c**3 + 13*c**2 + c + 18. Let t be o(-13). Suppose 5*l - 3*z = -30, -t*l + 3*z - 2*z - 20 = 0. Let k(x) = x**2 - x + 0*x - 2 + 2*x. Determine k(l).
4
Let s(z) = -z - 3. Let h = -19 - -13. What is s(h)?
3
Let u(v) = 18*v**2 - 39*v**2 - 1 + 20*v**2 - 6*v. Calculate u(-3).
8
Suppose -o + 10 = 2*o - 2*k, 5*o - 5*k = 25. Suppose o*y - 4*y - 48 = -4*b, b - 5*y - 32 = 0. Let d(w) = b - 3 + w - w - 2*w. What is d(4)?
-4
Let t(o) = 234 - 7*o**2 + 4*o - o**3 + 6*o - 238. Calculate t(-8).
-20
Let f = 15 - 10. Suppose w = -0*w + f. Let u(z) = -z**2 + 6*z - 3. What is u(w)?
2
Let q(w) = -3*w**2 - 11*w - 2. Let x(i) = -2*i**2 - 5*i - 1. Let y(b) = -2*q(b) + 5*x(b). Determine y(-2).
-11
Let a(f) = -f**2 + 2*f - 3. Let i be a(0). Let k(j) = 4 - j + 2 - 3. Determine k(i).
6
Let d = 17 + -15. Let x(z) = z**3 - 6 + z**2 + 5*z**d - z**2 + 2*z**2 - z. Calculate x(-7).
1
Let i(w) = 2*w**2. Suppose -5*r + q + 2*q = 69, 4*q = -r. Let h be (r/(-15))/(2/10). Let g = -3 + h. Determine i(g).
2
Suppose 0 = 3*u - 